{"id":202,"date":"2019-04-24T06:12:31","date_gmt":"2019-04-24T05:12:31","guid":{"rendered":"http:\/\/itsvietimas.vgtu.lt\/?page_id=202"},"modified":"2019-04-29T20:12:26","modified_gmt":"2019-04-29T19:12:26","slug":"pranesimai-2","status":"publish","type":"page","link":"https:\/\/itsvietimas.vilniustech.lt\/?page_id=202","title":{"rendered":"Prane\u0161imai"},"content":{"rendered":"<ol>\n<li><a href=\"http:\/\/itsvietimas.vgtu.lt\/wp-content\/uploads\/2019\/04\/VBernotiene_Studijavimo_galimyb\u0117s_VGTU_universitete.pdf\" target=\"_blank\" rel=\"noopener\">Studijavimo galimyb\u0117s VGTU universitete <\/a>(<em>Valerija Bernotien\u0117<\/em>)<\/li>\n<li><a href=\"http:\/\/itsvietimas.vgtu.lt\/wp-content\/uploads\/2019\/04\/AZdanevi\u010dien\u0117_pradines.pdf\" target=\"_blank\" rel=\"noopener\">Informatika ir pradin\u0117se klas\u0117se<\/a> (<em>Albina Zdanevi\u010dien\u0117<\/em>)<\/li>\n<li><a href=\"http:\/\/itsvietimas.vgtu.lt\/wp-content\/uploads\/2019\/04\/ADapkus_Kaip_mokyti_svajoti_kurti_ir_programuoti_su_Wix.pdf\" target=\"_blank\" rel=\"noopener\">Kaip mokyti svajoti, kurti ir programuoti su Wix.com?<\/a> (<em>Antanas Dapkus<\/em>)<\/li>\n<li><a href=\"http:\/\/itsvietimas.vgtu.lt\/wp-content\/uploads\/2019\/04\/RBurbaite_Ar_tinkmai_pasirengia.pdf\" target=\"_blank\" rel=\"noopener\">Ar mokykloje tinkamai pa(si)rengiama IT studijoms?<\/a> (<em>Renata Burbait\u0117<\/em>)<\/li>\n<li><a href=\"http:\/\/itsvietimas.vgtu.lt\/wp-content\/uploads\/2019\/04\/N_Krisciuniene_integracija.pdf\">Mokini\u0173 IT k\u016brybiniai darbai \u2013 integracijos galimyb\u0117<\/a> (<em>Nijol\u0117 Kri\u0161\u010di\u016bnien\u0117<\/em>)<\/li>\n<li><a href=\"http:\/\/itsvietimas.vgtu.lt\/wp-content\/uploads\/2019\/04\/LStatauskiene_intelektine_nuosavybe.pdf\" target=\"_blank\" rel=\"noopener\">Intelektin\u0117 nuosavyb\u0117. K\u0105 turi \u017einoti informatikos mokytojas?<\/a> (<em>Loreta Statauskien\u0117<\/em>)<\/li>\n<li><a href=\"http:\/\/itsvietimas.vgtu.lt\/wp-content\/uploads\/2019\/04\/RFiloncikiene_Informatika_nuo_pirmos_klases.pdf\" target=\"_blank\" rel=\"noopener\">Kartu su informatika nuo pirmosios klas\u0117s<\/a> (<em>R\u016bta Filon\u010dikien\u0117<\/em>)<\/li>\n<li><a href=\"http:\/\/itsvietimas.vgtu.lt\/wp-content\/uploads\/2019\/04\/KMaciulaitis_Micro.pdf\" target=\"_blank\" rel=\"noopener\">Ma\u017eas \u012frankis &#8211; didel\u0117s galimyb\u0117s. Ne\u012fmanoma misija atnaujinant \u0161i\u0173 dien\u0173 IT \u0161vietim\u0105<\/a> (<em>K\u0119stutis Ma\u010diulaitis<\/em>)<\/li>\n<li><a href=\"http:\/\/itsvietimas.vgtu.lt\/wp-content\/uploads\/2019\/04\/SBagociene_Kelias_i_ismaniuju_technologiju_pasauli_su_Microbit.pdf\" target=\"_blank\" rel=\"noopener\">Kelias \u012f i\u0161mani\u0173j\u0173 technologij\u0173 pasaul\u012f su \u201eMicro:bit\u201c: nuo moksleivi\u0161ko \u017eaidimo id\u0117jos iki projekto<\/a> (<em>Snieguol\u0117 Bago\u010dien\u0117<\/em>)<\/li>\n<li><a href=\"http:\/\/itsvietimas.vgtu.lt\/wp-content\/uploads\/2019\/04\/DVaitmoniene_eTwinning_galimybes.pdf\" target=\"_blank\" rel=\"noopener\">Konstravimo ir programavimo mokymas \u012fvairiose aplinkose, \u201eeTwinning\u201c galimyb\u0117s<\/a> (<em>Danguol\u0117 Vaitmonien\u0117<\/em>)<\/li>\n<li><a href=\"http:\/\/itsvietimas.vgtu.lt\/wp-content\/uploads\/2019\/04\/GJonaitis_elektronika.pdf\" target=\"_blank\" rel=\"noopener\">\u017dmogaus poj\u016b\u010diai versus atviro kodo elektronika<\/a> (<em>Gintaras Jonaitis<\/em>)<\/li>\n<li><a href=\"http:\/\/itsvietimas.vgtu.lt\/wp-content\/uploads\/2019\/04\/TSiaulys_foto_musis.pdf\" target=\"_blank\" rel=\"noopener\">Id\u0117ja pamokai: \u201eFoto-m\u016b\u0161is\u201c<\/a> (<em>Tomas \u0160iaulys<\/em>)<\/li>\n<li><a href=\"http:\/\/itsvietimas.vgtu.lt\/wp-content\/uploads\/2019\/04\/BSkupas_bigdata.pdf\" target=\"_blank\" rel=\"noopener\">Dideli duomenys IT pamokose<\/a> (<em>Bronius Sk\u016bpas<\/em>)<\/li>\n<li><a href=\"http:\/\/itsvietimas.vgtu.lt\/wp-content\/uploads\/2019\/04\/KBudrevicius_RLiuokaitis_Issukiai_parogramavimas_codingame.pdf\" target=\"_blank\" rel=\"noopener\">I\u0161\u0161\u016bkiais pagr\u012fstos CodinGame.com platformos naudojimas programavime<\/a> (<em>K\u0119stutis Budrevi\u010dius, Ram\u016bnas Liuokaitis<\/em>)<\/li>\n<li><a href=\"http:\/\/itsvietimas.vgtu.lt\/wp-content\/uploads\/2019\/04\/KSerapinaite_varzybos.pdf\" target=\"_blank\" rel=\"noopener\">Programavimo mokymas taikant var\u017eyb\u0173 sistemas<\/a> (<em>Kristina Serapinait\u0117<\/em>)<\/li>\n<li><a href=\"http:\/\/itsvietimas.vgtu.lt\/wp-content\/uploads\/2019\/04\/DSesok_PROMIS_diegimas_mokyklose.pdf\" target=\"_blank\" rel=\"noopener\">VGTU automatinio programavimo u\u017edavini\u0173 tikrinimo sistema ir jos \u012fdiegimo Lietuvos mokyklose perspektyvos<\/a> (<em>Dmitrij \u0160e\u0161ok<\/em>)<\/li>\n<li>3D modeliavimas AutoCAD ir ne tik&#8230; (<em>Daiva Makut\u0117nien\u0117<\/em>)<\/li>\n<li>\u041e \u043f\u0440\u0435\u043f\u043e\u0434\u0430\u0432\u0430\u043d\u0438\u0438 \u0438\u043d\u0444\u043e\u0440\u043c\u0430\u0442\u0438\u043a\u0438 \u0432 \u0448\u043a\u043e\u043b\u0430\u0445 \u0411\u0435\u043b\u0430\u0440\u0443\u0441\u0438 <em>(Vladimir Kotov<\/em>)<\/li>\n<li><a href=\"http:\/\/itsvietimas.vgtu.lt\/wp-content\/uploads\/2019\/04\/ESmalinske_modernios.pdf\" target=\"_blank\" rel=\"noopener\">Gerosios praktikos sklaida: modernios technologijos \u0161vietime<\/a> (Lina Bagd\u017ei\u016bnait\u0117 Litvinaitien\u0117, Ernesta Smalinsk\u0117)<\/li>\n<li>IT sklaida \u0161vietime (<em>Gra\u017eina Montrimien\u0117<\/em>)<\/li>\n<li><a href=\"http:\/\/itsvietimas.vgtu.lt\/wp-content\/uploads\/2019\/04\/TStasiukaitis_kiborgai.pdf\" target=\"_blank\" rel=\"noopener\">Diena kai m\u016bs\u0173 vaikus mokys kiborgai&#8230;<\/a> (<em>Tomas Stasiukaitis<\/em>)<\/li>\n<\/ol>\n<style id=\"bwg-style-0\">    #bwg_container1_0 #bwg_container2_0 .bwg-container-0.bwg-standard-thumbnails {      width: 404px;              justify-content: center;        margin:0 auto !important;              background-color: rgba(255, 255, 255, 0.00);            padding-left: 4px;      padding-top: 4px;      max-width: 100%;            }        #bwg_container1_0 #bwg_container2_0 .bwg-container-0.bwg-standard-thumbnails .bwg-item {    justify-content: flex-start;      max-width: 400px;          }    #bwg_container1_0 #bwg_container2_0 .bwg-container-0.bwg-standard-thumbnails .bwg-item a {       margin-right: 4px;       margin-bottom: 4px;    }    #bwg_container1_0 #bwg_container2_0 .bwg-container-0.bwg-standard-thumbnails .bwg-item0 {      padding: 0px;            background-color:rgba(0,0,0, 0.30);      border: 0px none #CCCCCC;      opacity: 1.00;      border-radius: 0;      box-shadow: ;    }    #bwg_container1_0 #bwg_container2_0 .bwg-container-0.bwg-standard-thumbnails .bwg-item1 img {      max-height: none;      max-width: none;      padding: 0 !important;    }         @media only screen and (min-width: 480px) {\t\t#bwg_container1_0 #bwg_container2_0 .bwg-container-0.bwg-standard-thumbnails .bwg-item1 img {\t\t\t-webkit-transition: all .3s; transition: all .3s;\t\t}\t\t#bwg_container1_0 #bwg_container2_0 .bwg-container-0.bwg-standard-thumbnails .bwg-item1 img:hover {\t\t\t-ms-transform: scale(1.08);\t\t\t-webkit-transform: scale(1.08);\t\t\ttransform: scale(1.08);\t\t}\t\t\t\t.bwg-standard-thumbnails .bwg-zoom-effect .bwg-zoom-effect-overlay {\t\t\t\t\t\tbackground-color:rgba(0,0,0, 0.3);\t\t}\t\t.bwg-standard-thumbnails .bwg-zoom-effect:hover img {\t\t\t-ms-transform: scale(1.08);\t\t\t-webkit-transform: scale(1.08);\t\t\ttransform: scale(1.08);\t\t}\t\t      }\t    #bwg_container1_0 #bwg_container2_0 .bwg-container-0.bwg-standard-thumbnails .bwg-item1 {      padding-top: 150%;    }        #bwg_container1_0 #bwg_container2_0 .bwg-container-0.bwg-standard-thumbnails .bwg-title1 {      position: absolute;      top: 0;      z-index: 100;      width: 100%;      height: 100%;      display: flex;      justify-content: center;      align-content: center;      flex-direction: column;      opacity: 0;    }\t      #bwg_container1_0 #bwg_container2_0 .bwg-container-0.bwg-standard-thumbnails .bwg-title2,    #bwg_container1_0 #bwg_container2_0 .bwg-container-0.bwg-standard-thumbnails .bwg-ecommerce2 {      color: #FFFFFF;      font-family: Ubuntu;      font-size: 16px;      font-weight: bold;      padding: 2px;      text-shadow: ;      max-height: 100%;    }    #bwg_container1_0 #bwg_container2_0 .bwg-container-0.bwg-standard-thumbnails .bwg-thumb-description span {    color: #323A45;    font-family: Ubuntu;    font-size: 12px;    max-height: 100%;    word-wrap: break-word;    }    #bwg_container1_0 #bwg_container2_0 .bwg-container-0.bwg-standard-thumbnails .bwg-play-icon2 {      font-size: 32px;    }    #bwg_container1_0 #bwg_container2_0 .bwg-container-0.bwg-standard-thumbnails .bwg-ecommerce2 {      font-size: 19.2px;      color: #323A45;    }    <\/style>    <div id=\"bwg_container1_0\"         class=\"bwg_container bwg_thumbnail bwg_thumbnails \"         data-right-click-protection=\"0\"         data-bwg=\"0\"         data-scroll=\"0\"         data-gallery-type=\"thumbnails\"         data-gallery-view-type=\"thumbnails\"         data-current-url=\"\/index.php?rest_route=%2Fwp%2Fv2%2Fpages%2F202\"         data-lightbox-url=\"https:\/\/itsvietimas.vilniustech.lt\/wp-admin\/admin-ajax.php?action=GalleryBox&#038;current_view=0&#038;gallery_id=6&#038;tag=0&#038;theme_id=1&#038;shortcode_id=13&#038;sort_by=order&#038;order_by=asc&#038;current_url=%2Findex.php%3Frest_route%3D%252Fwp%252Fv2%252Fpages%252F202\"         data-gallery-id=\"6\"         data-popup-width=\"800\"         data-popup-height=\"500\"         data-is-album=\"gallery\"         data-buttons-position=\"bottom\">      <div id=\"bwg_container2_0\">             <div id=\"ajax_loading_0\" class=\"bwg_loading_div_1\">      <div class=\"bwg_loading_div_2\">        <div class=\"bwg_loading_div_3\">          <div id=\"loading_div_0\" class=\"bwg_spider_ajax_loading\">          <\/div>        <\/div>      <\/div>    <\/div>            <form id=\"gal_front_form_0\"              class=\"bwg-hidden\"              method=\"post\"              action=\"#\"              data-current=\"0\"              data-shortcode-id=\"13\"              data-gallery-type=\"thumbnails\"              data-gallery-id=\"6\"              data-tag=\"0\"              data-album-id=\"0\"              data-theme-id=\"1\"              data-ajax-url=\"https:\/\/itsvietimas.vilniustech.lt\/wp-admin\/admin-ajax.php?action=bwg_frontend_data\">          <div id=\"bwg_container3_0\" class=\"bwg-background bwg-background-0\">                <div data-max-count=\"1\"         data-thumbnail-width=\"400\"         data-bwg=\"0\"         data-gallery-id=\"6\"         data-lightbox-url=\"https:\/\/itsvietimas.vilniustech.lt\/wp-admin\/admin-ajax.php?action=GalleryBox&amp;current_view=0&amp;gallery_id=6&amp;tag=0&amp;theme_id=1&amp;shortcode_id=13&amp;sort_by=order&amp;order_by=asc&amp;current_url=%2Findex.php%3Frest_route%3D%252Fwp%252Fv2%252Fpages%252F202\"         id=\"bwg_thumbnails_0\"         class=\"bwg-container-0 bwg-thumbnails bwg-standard-thumbnails bwg-container bwg-border-box\">            <div class=\"bwg-item\">        <a class=\"bwg-a  bwg_lightbox\"  data-image-id=\"60\" href=\"https:\/\/itsvietimas.vilniustech.lt\/wp-content\/uploads\/photo-gallery\/ITS_2019\/Programa\/ITS2019_programa.png?bwg=1556083490\" data-elementor-open-lightbox=\"no\">                <div class=\"bwg-item0 \">          <div class=\"bwg-item1 bwg-zoom-effect\">            <div class=\"bwg-item2\">              <img decoding=\"async\" class=\"skip-lazy bwg_standart_thumb_img_0 \"                   data-id=\"60\"                   data-width=\"\"                   data-height=\"\"                   data-src=\"https:\/\/itsvietimas.vilniustech.lt\/wp-content\/uploads\/photo-gallery\/ITS_2019\/Programa\/thumb\/ITS2019_programa.png?bwg=1556083490\"                   src=\"https:\/\/itsvietimas.vilniustech.lt\/wp-content\/uploads\/photo-gallery\/ITS_2019\/Programa\/thumb\/ITS2019_programa.png?bwg=1556083490\"                   alt=\"ITS2019 programa\"                   title=\"ITS2019 programa\" \/>            <\/div>            <div class=\"bwg-zoom-effect-overlay\">              <div class=\"bwg-title1\"><div class=\"bwg-title2\">ITS2019 programa<\/div><\/div>                                        <\/div>          <\/div>        <\/div>                        <\/a>              <\/div>          <\/div>              <\/div>        <\/form>        <style>          #bwg_container1_0 #bwg_container2_0 #spider_popup_overlay_0 {          background-color: #EEEEEE;          opacity: 0.60;          }          <\/style>        <div id=\"bwg_spider_popup_loading_0\" class=\"bwg_spider_popup_loading\"><\/div>        <div id=\"spider_popup_overlay_0\" class=\"spider_popup_overlay\" onclick=\"spider_destroypopup(1000)\"><\/div>        <input type=\"hidden\" id=\"bwg_random_seed_0\" value=\"2005038419\">                <\/div>    <\/div>    <script>      if (document.readyState === 'complete') {        if( typeof bwg_main_ready == 'function' ) {          if ( jQuery(\"#bwg_container1_0\").height() ) {            bwg_main_ready(jQuery(\"#bwg_container1_0\"));          }        }      } else {        document.addEventListener('DOMContentLoaded', function() {          if( typeof bwg_main_ready == 'function' ) {            if ( jQuery(\"#bwg_container1_0\").height() ) {             bwg_main_ready(jQuery(\"#bwg_container1_0\"));            }          }        });      }    <\/script>    \n","protected":false},"excerpt":{"rendered":"<p>Studijavimo galimyb\u0117s VGTU universitete (Valerija Bernotien\u0117) Informatika ir pradin\u0117se klas\u0117se (Albina Zdanevi\u010dien\u0117) Kaip mokyti svajoti, kurti ir programuoti su Wix.com? (Antanas Dapkus) Ar mokykloje tinkamai pa(si)rengiama IT studijoms? (Renata Burbait\u0117) Mokini\u0173 IT k\u016brybiniai darbai \u2013 integracijos galimyb\u0117 (Nijol\u0117 Kri\u0161\u010di\u016bnien\u0117) Intelektin\u0117 nuosavyb\u0117. K\u0105 turi \u017einoti informatikos mokytojas? (Loreta Statauskien\u0117) Kartu su informatika nuo pirmosios klas\u0117s (R\u016bta <a class=\"read-more\" href=\"https:\/\/itsvietimas.vilniustech.lt\/?page_id=202\">Pla\u010diau&#8230;<\/a><\/p>\n","protected":false},"author":1,"featured_media":0,"parent":0,"menu_order":0,"comment_status":"closed","ping_status":"closed","template":"","meta":{"footnotes":""},"_links":{"self":[{"href":"https:\/\/itsvietimas.vilniustech.lt\/index.php?rest_route=\/wp\/v2\/pages\/202"}],"collection":[{"href":"https:\/\/itsvietimas.vilniustech.lt\/index.php?rest_route=\/wp\/v2\/pages"}],"about":[{"href":"https:\/\/itsvietimas.vilniustech.lt\/index.php?rest_route=\/wp\/v2\/types\/page"}],"author":[{"embeddable":true,"href":"https:\/\/itsvietimas.vilniustech.lt\/index.php?rest_route=\/wp\/v2\/users\/1"}],"replies":[{"embeddable":true,"href":"https:\/\/itsvietimas.vilniustech.lt\/index.php?rest_route=%2Fwp%2Fv2%2Fcomments&post=202"}],"version-history":[{"count":9,"href":"https:\/\/itsvietimas.vilniustech.lt\/index.php?rest_route=\/wp\/v2\/pages\/202\/revisions"}],"predecessor-version":[{"id":253,"href":"https:\/\/itsvietimas.vilniustech.lt\/index.php?rest_route=\/wp\/v2\/pages\/202\/revisions\/253"}],"wp:attachment":[{"href":"https:\/\/itsvietimas.vilniustech.lt\/index.php?rest_route=%2Fwp%2Fv2%2Fmedia&parent=202"}],"curies":[{"name":"wp","href":"https:\/\/api.w.org\/{rel}","templated":true}]}}