{"id":21,"date":"2018-10-17T08:26:42","date_gmt":"2018-10-17T07:26:42","guid":{"rendered":"http:\/\/itsvietimas.vgtu.lt\/?page_id=21"},"modified":"2023-02-08T06:44:06","modified_gmt":"2023-02-08T06:44:06","slug":"organizatoriai","status":"publish","type":"page","link":"https:\/\/itsvietimas.vilniustech.lt\/?page_id=21","title":{"rendered":"Organizatoriai"},"content":{"rendered":"<p>Vilniaus miesto informacini\u0173 technologij\u0173 mokytoj\u0173 metodinis b\u016brelis.<\/p>\n<p>Vilniaus Gedimino technikos universiteto docentas, VGTU in\u017einerinio lic\u0117jaus informacini\u0173 technologij\u0173 mokytojas metodininkas, <em>doc. dr. Pavel\u00a0Stefanovi\u010d<\/em>.<\/p>\n<p>Vilniaus Mykolo Bir\u017ei\u0161kos gimnazijos, informacini\u0173 technologij\u0173 mokytoja ekspert\u0117,<em> Rima \u0160iaulien\u0117<\/em>.<\/p>\n<p>&nbsp;<\/p>\n","protected":false},"excerpt":{"rendered":"<p>Vilniaus miesto informacini\u0173 technologij\u0173 mokytoj\u0173 metodinis b\u016brelis. Vilniaus Gedimino technikos universiteto docentas, VGTU in\u017einerinio lic\u0117jaus informacini\u0173 technologij\u0173 mokytojas metodininkas, doc. dr. Pavel\u00a0Stefanovi\u010d. Vilniaus Mykolo Bir\u017ei\u0161kos gimnazijos, informacini\u0173 technologij\u0173 mokytoja ekspert\u0117, Rima \u0160iaulien\u0117. &nbsp;<\/p>\n","protected":false},"author":1,"featured_media":0,"parent":0,"menu_order":0,"comment_status":"closed","ping_status":"closed","template":"","meta":{"footnotes":""},"_links":{"self":[{"href":"https:\/\/itsvietimas.vilniustech.lt\/index.php?rest_route=\/wp\/v2\/pages\/21"}],"collection":[{"href":"https:\/\/itsvietimas.vilniustech.lt\/index.php?rest_route=\/wp\/v2\/pages"}],"about":[{"href":"https:\/\/itsvietimas.vilniustech.lt\/index.php?rest_route=\/wp\/v2\/types\/page"}],"author":[{"embeddable":true,"href":"https:\/\/itsvietimas.vilniustech.lt\/index.php?rest_route=\/wp\/v2\/users\/1"}],"replies":[{"embeddable":true,"href":"https:\/\/itsvietimas.vilniustech.lt\/index.php?rest_route=%2Fwp%2Fv2%2Fcomments&post=21"}],"version-history":[{"count":26,"href":"https:\/\/itsvietimas.vilniustech.lt\/index.php?rest_route=\/wp\/v2\/pages\/21\/revisions"}],"predecessor-version":[{"id":316,"href":"https:\/\/itsvietimas.vilniustech.lt\/index.php?rest_route=\/wp\/v2\/pages\/21\/revisions\/316"}],"wp:attachment":[{"href":"https:\/\/itsvietimas.vilniustech.lt\/index.php?rest_route=%2Fwp%2Fv2%2Fmedia&parent=21"}],"curies":[{"name":"wp","href":"https:\/\/api.w.org\/{rel}","templated":true}]}}