{"id":295,"date":"2020-10-22T17:52:43","date_gmt":"2020-10-22T16:52:43","guid":{"rendered":"http:\/\/itsvietimas.vgtu.lt\/?page_id=295"},"modified":"2020-10-22T18:10:42","modified_gmt":"2020-10-22T17:10:42","slug":"pranesimai-3","status":"publish","type":"page","link":"https:\/\/itsvietimas.vilniustech.lt\/?page_id=295","title":{"rendered":"Prane\u0161imai"},"content":{"rendered":"<ol>\n<li><a href=\"http:\/\/itsvietimas.vgtu.lt\/wp-content\/uploads\/2020\/10\/Rima_\u0160iaulien\u0117.pdf\" target=\"_blank\" rel=\"noopener\">Vilniaus miesto informacini\u0173 technologij\u0173 mokytoj\u0173 metodinio b\u016brelio veiklos ataskaita\u00a0<\/a> (<em>Rima \u0160iaulien\u0117<\/em>)<\/li>\n<li><a href=\"http:\/\/itsvietimas.vgtu.lt\/wp-content\/uploads\/2020\/10\/Bronius_Sk\u016bpas.pdf\" target=\"_blank\" rel=\"noopener\">Atnaujintos IT bendrosios programos 5-10 klasi\u0173 mokiniams<\/a> (<em>dr. Bronius Sk\u016bpas<\/em>)<\/li>\n<li><a href=\"http:\/\/itsvietimas.vgtu.lt\/wp-content\/uploads\/2020\/10\/Marius_Narvilas.pdf\" target=\"_blank\" rel=\"noopener\">STEAM ugdymo gair\u0117s ir \u012frankiai IT mokytojams<\/a> (<em>Marius Narvilas<\/em>)<\/li>\n<li><a href=\"http:\/\/itsvietimas.vgtu.lt\/wp-content\/uploads\/2020\/10\/Lina_B_L.pdf\" target=\"_blank\" rel=\"noopener\">Modelis kei\u010diantis po\u017ei\u016br\u012f: GEMS bendrojo ugdymo mokykloje<\/a> (<em>doc. dr. Lina Bagd\u017ei\u016bnait\u0117-Litvinaitien\u0117<\/em>)<\/li>\n<li><a href=\"http:\/\/itsvietimas.vgtu.lt\/wp-content\/uploads\/2020\/10\/Mikalojus_Ramanauskas.pdf\" target=\"_blank\" rel=\"noopener\">Automatinio programavimo u\u017edavini\u0173 tikrinimo sistemos \u012fdiegimas Lietuvos mokyklose<\/a> (<em>Mikalojus Ramanauskas, prof. dr. Dmitrij \u0160e\u0161ok<\/em>)<\/li>\n<li><a href=\"http:\/\/itsvietimas.vgtu.lt\/wp-content\/uploads\/2020\/10\/R\u016bta_Ramun\u0117.pdf\" target=\"_blank\" rel=\"noopener\">Informatika ir technologijos pradini\u0173 klasi\u0173 ugdymo procese<\/a> (<em>R\u016bta Filon\u010dikien\u0117, Ramun\u0117 Pabal\u0117<\/em>)<\/li>\n<li><a href=\"http:\/\/itsvietimas.vgtu.lt\/wp-content\/uploads\/2020\/10\/Tomas_Stasiukaitis.pdf\" target=\"_blank\" rel=\"noopener\">Kod\u0117l IT mokytojas per pamokas daro atsispaudimus?<\/a> (<em>Tomas Stasiukaitis<\/em>)<\/li>\n<\/ol>\n<style id=\"bwg-style-0\">    #bwg_container1_0 #bwg_container2_0 .bwg-container-0.bwg-standard-thumbnails {      width: 504px;              justify-content: center;        margin:0 auto !important;              background-color: rgba(255, 255, 255, 0.00);            padding-left: 4px;      padding-top: 4px;      max-width: 100%;            }        #bwg_container1_0 #bwg_container2_0 .bwg-container-0.bwg-standard-thumbnails .bwg-item {    justify-content: flex-start;      max-width: 500px;          }    #bwg_container1_0 #bwg_container2_0 .bwg-container-0.bwg-standard-thumbnails .bwg-item a {       margin-right: 4px;       margin-bottom: 4px;    }    #bwg_container1_0 #bwg_container2_0 .bwg-container-0.bwg-standard-thumbnails .bwg-item0 {      padding: 0px;            background-color:rgba(0,0,0, 0.30);      border: 0px none #CCCCCC;      opacity: 1.00;      border-radius: 0;      box-shadow: ;    }    #bwg_container1_0 #bwg_container2_0 .bwg-container-0.bwg-standard-thumbnails .bwg-item1 img {      max-height: none;      max-width: none;      padding: 0 !important;    }         @media only screen and (min-width: 480px) {\t\t#bwg_container1_0 #bwg_container2_0 .bwg-container-0.bwg-standard-thumbnails .bwg-item1 img {\t\t\t-webkit-transition: all .3s; transition: all .3s;\t\t}\t\t#bwg_container1_0 #bwg_container2_0 .bwg-container-0.bwg-standard-thumbnails .bwg-item1 img:hover {\t\t\t-ms-transform: scale(1.08);\t\t\t-webkit-transform: scale(1.08);\t\t\ttransform: scale(1.08);\t\t}\t\t\t\t.bwg-standard-thumbnails .bwg-zoom-effect .bwg-zoom-effect-overlay {\t\t\t\t\t\tbackground-color:rgba(0,0,0, 0.3);\t\t}\t\t.bwg-standard-thumbnails .bwg-zoom-effect:hover img {\t\t\t-ms-transform: scale(1.08);\t\t\t-webkit-transform: scale(1.08);\t\t\ttransform: scale(1.08);\t\t}\t\t      }\t    #bwg_container1_0 #bwg_container2_0 .bwg-container-0.bwg-standard-thumbnails .bwg-item1 {      padding-top: 60%;    }        #bwg_container1_0 #bwg_container2_0 .bwg-container-0.bwg-standard-thumbnails .bwg-title1 {      position: absolute;      top: 0;      z-index: 100;      width: 100%;      height: 100%;      display: flex;      justify-content: center;      align-content: center;      flex-direction: column;      opacity: 0;    }\t      #bwg_container1_0 #bwg_container2_0 .bwg-container-0.bwg-standard-thumbnails .bwg-title2,    #bwg_container1_0 #bwg_container2_0 .bwg-container-0.bwg-standard-thumbnails .bwg-ecommerce2 {      color: #FFFFFF;      font-family: Ubuntu;      font-size: 16px;      font-weight: bold;      padding: 2px;      text-shadow: ;      max-height: 100%;    }    #bwg_container1_0 #bwg_container2_0 .bwg-container-0.bwg-standard-thumbnails .bwg-thumb-description span {    color: #323A45;    font-family: Ubuntu;    font-size: 12px;    max-height: 100%;    word-wrap: break-word;    }    #bwg_container1_0 #bwg_container2_0 .bwg-container-0.bwg-standard-thumbnails .bwg-play-icon2 {      font-size: 32px;    }    #bwg_container1_0 #bwg_container2_0 .bwg-container-0.bwg-standard-thumbnails .bwg-ecommerce2 {      font-size: 19.2px;      color: #323A45;    }    <\/style>    <div id=\"bwg_container1_0\"         class=\"bwg_container bwg_thumbnail bwg_thumbnails \"         data-right-click-protection=\"0\"         data-bwg=\"0\"         data-scroll=\"0\"         data-gallery-type=\"thumbnails\"         data-gallery-view-type=\"thumbnails\"         data-current-url=\"\/index.php?rest_route=%2Fwp%2Fv2%2Fpages%2F295\"         data-lightbox-url=\"https:\/\/itsvietimas.vilniustech.lt\/wp-admin\/admin-ajax.php?action=GalleryBox&#038;current_view=0&#038;gallery_id=7&#038;tag=0&#038;theme_id=1&#038;shortcode_id=16&#038;sort_by=order&#038;order_by=asc&#038;current_url=%2Findex.php%3Frest_route%3D%252Fwp%252Fv2%252Fpages%252F295\"         data-gallery-id=\"7\"         data-popup-width=\"800\"         data-popup-height=\"500\"         data-is-album=\"gallery\"         data-buttons-position=\"bottom\">      <div id=\"bwg_container2_0\">             <div id=\"ajax_loading_0\" class=\"bwg_loading_div_1\">      <div class=\"bwg_loading_div_2\">        <div class=\"bwg_loading_div_3\">          <div id=\"loading_div_0\" class=\"bwg_spider_ajax_loading\">          <\/div>        <\/div>      <\/div>    <\/div>            <form id=\"gal_front_form_0\"              class=\"bwg-hidden\"              method=\"post\"              action=\"#\"              data-current=\"0\"              data-shortcode-id=\"16\"              data-gallery-type=\"thumbnails\"              data-gallery-id=\"7\"              data-tag=\"0\"              data-album-id=\"0\"              data-theme-id=\"1\"              data-ajax-url=\"https:\/\/itsvietimas.vilniustech.lt\/wp-admin\/admin-ajax.php?action=bwg_frontend_data\">          <div id=\"bwg_container3_0\" class=\"bwg-background bwg-background-0\">                <div data-max-count=\"1\"         data-thumbnail-width=\"500\"         data-bwg=\"0\"         data-gallery-id=\"7\"         data-lightbox-url=\"https:\/\/itsvietimas.vilniustech.lt\/wp-admin\/admin-ajax.php?action=GalleryBox&amp;current_view=0&amp;gallery_id=7&amp;tag=0&amp;theme_id=1&amp;shortcode_id=16&amp;sort_by=order&amp;order_by=asc&amp;current_url=%2Findex.php%3Frest_route%3D%252Fwp%252Fv2%252Fpages%252F295\"         id=\"bwg_thumbnails_0\"         class=\"bwg-container-0 bwg-thumbnails bwg-standard-thumbnails bwg-container bwg-border-box\">            <div class=\"bwg-item\">        <a class=\"bwg-a  bwg_lightbox\"  data-image-id=\"62\" href=\"https:\/\/itsvietimas.vilniustech.lt\/wp-content\/uploads\/photo-gallery\/ITS_2020\/Programa_ITS_2020.png?bwg=1602348520\" data-elementor-open-lightbox=\"no\">                <div class=\"bwg-item0 \">          <div class=\"bwg-item1 bwg-zoom-effect\">            <div class=\"bwg-item2\">              <img decoding=\"async\" class=\"skip-lazy bwg_standart_thumb_img_0 \"                   data-id=\"62\"                   data-width=\"\"                   data-height=\"\"                   data-src=\"https:\/\/itsvietimas.vilniustech.lt\/wp-content\/uploads\/photo-gallery\/ITS_2020\/thumb\/Programa_ITS_2020.png?bwg=1602348520\"                   src=\"https:\/\/itsvietimas.vilniustech.lt\/wp-content\/uploads\/photo-gallery\/ITS_2020\/thumb\/Programa_ITS_2020.png?bwg=1602348520\"                   alt=\"Programa ITS 2020\"                   title=\"Programa ITS 2020\" \/>            <\/div>            <div class=\"bwg-zoom-effect-overlay\">              <div class=\"bwg-title1\"><div class=\"bwg-title2\">Programa ITS 2020<\/div><\/div>                                        <\/div>          <\/div>        <\/div>                        <\/a>              <\/div>          <\/div>              <\/div>        <\/form>        <style>          #bwg_container1_0 #bwg_container2_0 #spider_popup_overlay_0 {          background-color: #EEEEEE;          opacity: 0.60;          }          <\/style>        <div id=\"bwg_spider_popup_loading_0\" class=\"bwg_spider_popup_loading\"><\/div>        <div id=\"spider_popup_overlay_0\" class=\"spider_popup_overlay\" onclick=\"spider_destroypopup(1000)\"><\/div>        <input type=\"hidden\" id=\"bwg_random_seed_0\" value=\"1764752798\">                <\/div>    <\/div>    <script>      if (document.readyState === 'complete') {        if( typeof bwg_main_ready == 'function' ) {          if ( jQuery(\"#bwg_container1_0\").height() ) {            bwg_main_ready(jQuery(\"#bwg_container1_0\"));          }        }      } else {        document.addEventListener('DOMContentLoaded', function() {          if( typeof bwg_main_ready == 'function' ) {            if ( jQuery(\"#bwg_container1_0\").height() ) {             bwg_main_ready(jQuery(\"#bwg_container1_0\"));            }          }        });      }    <\/script>    \n","protected":false},"excerpt":{"rendered":"<p>Vilniaus miesto informacini\u0173 technologij\u0173 mokytoj\u0173 metodinio b\u016brelio veiklos ataskaita\u00a0 (Rima \u0160iaulien\u0117) Atnaujintos IT bendrosios programos 5-10 klasi\u0173 mokiniams (dr. Bronius Sk\u016bpas) STEAM ugdymo gair\u0117s ir \u012frankiai IT mokytojams (Marius Narvilas) Modelis kei\u010diantis po\u017ei\u016br\u012f: GEMS bendrojo ugdymo mokykloje (doc. dr. Lina Bagd\u017ei\u016bnait\u0117-Litvinaitien\u0117) Automatinio programavimo u\u017edavini\u0173 tikrinimo sistemos \u012fdiegimas Lietuvos mokyklose (Mikalojus Ramanauskas, prof. dr. Dmitrij \u0160e\u0161ok) <a class=\"read-more\" href=\"https:\/\/itsvietimas.vilniustech.lt\/?page_id=295\">Pla\u010diau&#8230;<\/a><\/p>\n","protected":false},"author":1,"featured_media":0,"parent":0,"menu_order":0,"comment_status":"closed","ping_status":"closed","template":"","meta":{"footnotes":""},"_links":{"self":[{"href":"https:\/\/itsvietimas.vilniustech.lt\/index.php?rest_route=\/wp\/v2\/pages\/295"}],"collection":[{"href":"https:\/\/itsvietimas.vilniustech.lt\/index.php?rest_route=\/wp\/v2\/pages"}],"about":[{"href":"https:\/\/itsvietimas.vilniustech.lt\/index.php?rest_route=\/wp\/v2\/types\/page"}],"author":[{"embeddable":true,"href":"https:\/\/itsvietimas.vilniustech.lt\/index.php?rest_route=\/wp\/v2\/users\/1"}],"replies":[{"embeddable":true,"href":"https:\/\/itsvietimas.vilniustech.lt\/index.php?rest_route=%2Fwp%2Fv2%2Fcomments&post=295"}],"version-history":[{"count":9,"href":"https:\/\/itsvietimas.vilniustech.lt\/index.php?rest_route=\/wp\/v2\/pages\/295\/revisions"}],"predecessor-version":[{"id":311,"href":"https:\/\/itsvietimas.vilniustech.lt\/index.php?rest_route=\/wp\/v2\/pages\/295\/revisions\/311"}],"wp:attachment":[{"href":"https:\/\/itsvietimas.vilniustech.lt\/index.php?rest_route=%2Fwp%2Fv2%2Fmedia&parent=295"}],"curies":[{"name":"wp","href":"https:\/\/api.w.org\/{rel}","templated":true}]}}